
True
Let b(w) = w**3 - 4*w**2 - 6*w - 5. Suppose 2*t - 4*v - 18 = 22, 3*v + 15 = 0. Let r be 1 - (-1)/(2/t). Is b(r) a prime number?
True
Is (-5)/2*27396/(-30) a prime number?
False
Let p(h) = -h**2 - 16*h + 42. Is p(-17) a composite number?
True
Suppose 0 = 4*g + 7 + 29. Let o be 2/3 - 39/g. Suppose o*i = 3*w + 9, -5*i + w = -w - 11. Is i a composite number?
False
Suppose 2*c - 1163 = -157. Is c prime?
True
Suppose 5*c + 9 + 1 = 0. Let w be (c/2)/(4/(-3156)). Suppose -3*s - 5*p = -0*s - 789, 3*s - 4*p - w = 0. Is s composite?
False
Let i(l) = 16*l**2 - l + 1. Is i(-2) a prime number?
True
Suppose -5*d + 8*d - 294 = 3*z, -4*d = -2*z - 382. Let o = d - 8. Is o composite?
True
Suppose 0 = -13*c + 5*c + 30568. Is c a prime number?
True
Suppose -7*t = -2*t - 20. Suppose 0 = 2*w + 6, -2*w + 6 - 16 = t*z. Is z - (-2 - (1 + 51)) a composite number?
False
Let n(w) = w - 9. Let g be n(11). Suppose -g*j - 159 = -3*y, 7*y - 212 = 3*y + 2*j. Is y a composite number?
False
Let i(y) be the third derivative of 0*y + 0 + 19/6*y**3 + 1/24*y**4 - 2*y**2. Is i(0) a prime number?
True
Let c(b) = 2*b - 3. Let u be c(6). Is (-4)/(-10)*(u - -1) prime?
False
Suppose 2*x - 3*x + 77 = 0. Suppose -4*d = -5*w - 123, d - x = -5*w - 15. Is d a composite number?
False
Is -29*(-3)/((-15)/(-25)) prime?
False
Let a(u) = -u**2 + 16*u. Let n be a(16). Let w = 43 - n. Is w composite?
False
Is 156 - -5 - (1 - -1) a composite number?
True
Let t = 34 + -17. Let s = t - 12. Is (0 - 1)/(s/(-185)) composite?
False
Suppose h + 5 - 2 = 0. Let p = 6 + h. Suppose s = p*s - 154. Is s a composite number?
True
Let z(m) = m**2 + 3*m - 1. Let t be (3/(-6))/((-1)/(-18)). Is z(t) prime?
True
Suppose -5*n + 110 = -30. Let z be 6/(-4)*n/(-21). Suppose -2*g - 4*r = z*g - 288, -253 = -4*g + 3*r. Is g composite?
False
Suppose -4*p + 7*p - 1239 = 0. Is p a prime number?
False
Let x(i) = 8*i + 33. Is x(19) a prime number?
False
Let w(f) = 163*f**2 - 1. Let s be w(-1). Suppose s = -4*y - 5*l, -5*y - 3*l - 196 = -0*l. Let p = 75 + y. Is p prime?
True
Suppose -4 = 2*a - 2. Is 1 + a + 0 - -163 a prime number?
True
Let o(r) = -128*r - 12. Let h(u) = 85*u + 8. Let d(k) = -7*h(k) - 5*o(k). Let z be d(8). Suppose -z = 2*t - 6*t. Is t composite?
True
Suppose -o = 4*o + 15255. Is o/(-6) + 1/2 prime?
True
Let l(q) = -q + 13. Let a be l(10). Suppose -r - a*n = n - 311, -n = -5*r + 1534. Is r a composite number?
False
Suppose -l - l = -6. Let f = -72 - -135. Suppose 5*h - 175 = 5*q, -l*q = 5*h - f - 128. Is h prime?
True
Let c = -297 - -464. Is c composite?
False
Let i be 2356/(-14) - (-2)/7. Suppose -s - 3*r + 109 + 133 = 0, 3 = -3*r. Let z = i + s. Is z a composite number?
True
Suppose 2*k + 4*p - 8*p + 226 = 0, -3*k + 4*p = 335. Let z = k + 162. Is z composite?
False
Suppose -n + 2*n - 163 = -5*w, 5*n = -w + 719. Is n a composite number?
True
Is (-1)/(-4)*-4 - -54*32 a prime number?
False
Suppose 20 = -4*t + 2*t. Let j = -10 - t. Is (42 - 7) + j/2 a composite number?
True
Is 6699/42 - 3/2 prime?
False
Let a(b) = -b**2 - 7*b - 1. Let o be a(-7). Let n(q) = 22*q**2 + q + 1. Is n(o) a prime number?
False
Let x = -4 + 4. Suppose x = 2*h + 3*h - 245. Is h composite?
True
Suppose 3*q - 10 = -5*n - 0, 3*q = -3*n + 12. Suppose 120 = 2*j + q*g - 10, 2*j + 3*g - 130 = 0. Is j composite?
True
Suppose -3 = -3*b + 3. Suppose -o + 5*a - 44 = 0, -3*o - b*a + 47 = 145. Let x = 57 + o. Is x a prime number?
True
Suppose -4*k - 16 = 24. Is (-8886)/k + (-2)/(-5) composite?
True
Is 179 + -4 + 3 + 3 prime?
True
Suppose 3*i - 4*i = -2*s - 8, -4*i - 3*s + 10 = 0. Suppose 0 = -2*z - 0*q + q + 176, i*z = q + 348. Is z prime?
False
Let s = -1494 - -2857. Is s a composite number?
True
Let o(v) = 2*v. Let l be o(2). Let c be 1 + 2 - (-4)/l. Suppose 42 = -c*b + 6*b. Is b a composite number?
True
Suppose -2*q - w = -1265, 0 = 4*q + 4*w + 589 - 3109. Is q composite?
True
Suppose -799 = -19*o + 18*o. Is o a composite number?
True
Let a(m) = -4*m + 7. Is a(-15) a prime number?
True
Let b = 819 - -590. Let s = -940 + b. Is s a prime number?
False
Let x = -99 - -20. Let w = x - -150. Is w composite?
False
Let x be 28/21 + (-4)/(-6). Suppose -y = -1, x*w - y - 10 = -3. Is 1 + 1 - (w - 253) a prime number?
True
Let y be 2/10 - 28/(-10). Suppose 2 = -l + y, 5*p = -l - 4. Let n(d) = -12*d**3 + d**2 - d - 1. Is n(p) a composite number?
False
Let q be (-4 + 2)/2*11. Let b(l) = -l**2 - 13*l - 15. Is b(q) composite?
False
Suppose 4*n = -227 + 1051. Suppose -n = -5*x + 3*x. Is x composite?
False
Let h(k) = -32*k - 15. Is h(-5) a prime number?
False
Suppose -j + 5*f - 25 = 0, 2*f - 11 + 1 = 2*j. Let b(n) = n - 1 + j - 2 + n**2. Is b(-7) a composite number?
True
Is (2/(-4))/((-3)/2274) composite?
False
Suppose 0 = -4*r - 3*v + 14, -2*r + 2*v = r - 19. Suppose -r*i + 82 = -43. Is i a composite number?
True
Suppose -4*h = 3*p - 28603, -3*h = -4*p - 0*h + 38129. Is p a prime number?
True
Is 0 - -1782 - ((7 - 5) + -1) composite?
True
Let y be 1/(-2 + 13/6). Let f = y + -6. Suppose f = 2*s + j - 5*j - 58, 0 = -3*s + 2*j + 95. Is s composite?
True
Suppose -l = -0*l. Suppose -2*c - 2*d + 0*d = -4, 3*c + 4*d - 7 = l. Is (-4)/c*(-238)/8 a prime number?
False
Let n be (-8)/(-12) + (-7)/(-3). Suppose -3 - n = -3*r. Is r a prime number?
True
Suppose -3*t - 3 = 0, -4*o + 14 - 2 = 4*t. Suppose 5*a - 524 = 2*a - 2*p, o = p. Suppose 0 = 5*h - h - a. Is h prime?
True
Let z(x) = -156*x + 19. Suppose -5*r - 34 + 4 = 0. Is z(r) a prime number?
False
Suppose -63 = c - 300. Suppose a + c = 890. Is a a prime number?
True
Suppose 5*t = -97 + 522. Is t a prime number?
False
Suppose 127 = 2*o + 9. Is o a prime number?
True
Let z = 23 - 16. Let h = z - 3. Is 39/4*16/h composite?
True
Let l(j) = j + 2. Let q be (-3 - -1)/((-4)/14). Let p be l(q). Let i(u) = -u**2 + 10*u + 5. Is i(p) composite?
True
Suppose -2*w + 80 = 5*u - 108, 0 = -4*u. Is w a composite number?
True
Let g(b) be the second derivative of -4*b + 0 + 7/6*b**4 - 2/3*b**3 - 1/2*b**2. Is g(3) a composite number?
False
Let p(d) = -20*d - 17. Is p(-5) a prime number?
True
Is (-629)/2*-3 + 3/(-6) a composite number?
True
Suppose 0 = -5*s + 3*s + 370. Is s composite?
True
Suppose 0 = t + t - 10. Suppose -v - t*c = -168, 117 + 48 = v + 2*c. Is v composite?
False
Is (-3 - -1) + -1 + -1 + 489 composite?
True
Suppose 3*n + 392 = 5*r, 4*n + n + 390 = 5*r. Is r a prime number?
True
Suppose 2*c + 5*i - 773 = -c, 0 = -2*c + i + 498. Is c a composite number?
False
Let x(f) = -f + 6. Let v be x(6). Suppose 4*d + 111 + 221 = v. Let c = -49 - d. Is c prime?
False
Suppose -i + 3 - 15 = 0. Let j = i - -45. Is j a prime number?
False
Is (10984/(-16))/(-2*(-1)/(-4)) a prime number?
True
Let s be ((-96)/(-10))/((-4)/50). Let m = -33 + -1. Let c = m - s. Is c composite?
True
Is (-75)/(-50)*(-4318)/(-3) prime?
False
Let t(h) = 7*h - 3. Let a = 0 + 4. Suppose -a*g + 0*g = -8. Is t(g) a composite number?
False
Suppose -3*k + 44 = -7*k. Let i = -7 - k. Let t = i + -2. Is t a composite number?
False
Suppose 0*r - r + 582 = 0. Suppose 4*p - 2*l - r = -3*l, 439 = 3*p + 2*l. Is p composite?
True
Let o = 11 + -7. Is o/(-18) - 325/(-45) a composite number?
False
Let o(h) be the second derivative of -h**3/6 - 2*h**2 + 3*h. Is o(-10) a composite number?
True
Let b = 96 - -95. Is b composite?
False
Let w = 1065 - -190. Is w composite?
True
Let b = 10 - -735. Is b composite?
True
Suppose m = 5*l + 656, -4*m + 630 + 1899 = -l. Let y = m + -305. Is y prime?
False
Let m = 11 + -9. Suppose t + m*t = 213. Is t a prime number?
True
Suppose h + 2*h = 0, 0 = 4*k - h - 24. Is (-2345)/(-21) - 4/k a prime number?
False
Suppose -2*r + 2 = 3*c + 8, -r + 19 = -4*c. Suppose -4645 = -6*u + 209. Suppose -603 = -3*d + 2*m, 7*d - r*d = m + u. Is d a prime number?
False
Let l = 2123 + -582. Is l a composite number?
True
Suppose -14*x + 13533 = -11*x. Is x prime?
False
Suppose 0*b + 5*t = 2*b + 138, -5*t - 84 = b. Is ((-4)/8)/(1/b) composite?
False
Let o(u) = u + 10. Let b be o(-7). Suppose b*w - 5*w - j + 105 = 0, -6 = -2*j. Suppose 14 = -t + w. Is t a prime number?
True
Let f(s) = -4*s - 12. Let w be f(-9). Suppose -2*u + w = d, 3 - 31 = -d + 2*u. Let i = 45 - d. Is i a prime number?
True
Let h(q) = -3*q + 13. Let u(s) = 4*s - 13. Let g(c) = -6*h(c) - 5*u(c). Let o be g(-9